{"id":56,"date":"2025-05-26T15:03:32","date_gmt":"2025-05-26T13:03:32","guid":{"rendered":"https:\/\/eilechatzen.wordpress.com\/?page_id=56"},"modified":"2025-06-23T12:50:26","modified_gmt":"2025-06-23T10:50:26","slug":"tarifs-du-cat-sitting","status":"publish","type":"page","link":"https:\/\/lechatzen.ovh\/index.php\/tarifs-du-cat-sitting\/","title":{"rendered":"Tarifs du Cat-sitting"},"content":{"rendered":"\n<p>Parce que la confiance est essentielle, chaque prestation comprend bien plus qu\u2019une simple visite :<\/p>\n\n\n\n<ul class=\"wp-block-list\">\n<li>Une rencontre pr\u00e9alable gratuite pour faire connaissance, comprendre les besoins de votre chat et vous permettre de me poser toutes vos questions en toute s\u00e9r\u00e9nit\u00e9.<\/li>\n\n\n\n<li><\/li>\n\n\n\n<li>Tout est encadr\u00e9 par un contrat clair, et je travaille sous assurance professionnelle, pour votre tranquillit\u00e9 d\u2019esprit.<\/li>\n<\/ul>\n\n\n\n<ul class=\"wp-block-list\">\n<li>Je m\u2019adapte au rythme, aux habitudes et au caract\u00e8re unique de votre chat, dans le respect de son bien-\u00eatre et de son environnement.<\/li>\n<\/ul>\n\n\n\n<blockquote class=\"wp-block-quote is-layout-flow wp-block-quote-is-layout-flow\">\n<p class=\"has-text-align-center\"><mark style=\"background-color:#F6F6F6;color:#0693e3\" class=\"has-inline-color\"><strong>Le petit plus du Chat Zen : pour une r\u00e9servation \u00e0 la semaine , l&rsquo;arrosage des plantes OU le relev\u00e9 courrier est offert.<\/strong><\/mark><\/p>\n<\/blockquote>\n\n\n\n<h4 class=\"wp-block-heading\">Tarification \u00e0 la carte <\/h4>\n\n\n\n<hr class=\"wp-block-separator has-alpha-channel-opacity\"\/>\n\n\n\n<figure class=\"wp-block-table\"><table class=\"has-fixed-layout\"><tbody><tr><td class=\"has-text-align-center\" data-align=\"center\"><strong>Nombre de chats<\/strong><\/td><td class=\"has-text-align-center\" data-align=\"center\"><strong>Dur\u00e9e<\/strong><\/td><td class=\"has-text-align-center\" data-align=\"center\"><strong>A l&rsquo;unit\u00e9<\/strong><\/td><td class=\"has-text-align-center\" data-align=\"center\"><strong>A la semaine <\/strong><br><sup>(1 weekend inclus)<\/sup><\/td><td class=\"has-text-align-center\" data-align=\"center\"><strong>Indemnit\u00e9s kilom\u00e9triques<\/strong><\/td><\/tr><tr><td class=\"has-text-align-center\" data-align=\"center\">1<\/td><td class=\"has-text-align-center\" data-align=\"center\">30 min<\/td><td class=\"has-text-align-center\" data-align=\"center\">12\u20ac TTC*<\/td><td class=\"has-text-align-center\" data-align=\"center\">85\u20ac TTC<\/td><td class=\"has-text-align-center\" data-align=\"center\">0.35\u20ac \/km  <\/td><\/tr><tr><td class=\"has-text-align-center\" data-align=\"center\">2<\/td><td class=\"has-text-align-center\" data-align=\"center\">35 min<\/td><td class=\"has-text-align-center\" data-align=\"center\">15\u20ac TTC*<\/td><td class=\"has-text-align-center\" data-align=\"center\">105\u20ac TTC*<\/td><td class=\"has-text-align-center\" data-align=\"center\">0.35\u20ac \/km <\/td><\/tr><tr><td class=\"has-text-align-center\" data-align=\"center\">3<\/td><td class=\"has-text-align-center\" data-align=\"center\">40 min<\/td><td class=\"has-text-align-center\" data-align=\"center\">18\u20ac TTC*<\/td><td class=\"has-text-align-center\" data-align=\"center\">125\u20ac TTC*<\/td><td class=\"has-text-align-center\" data-align=\"center\">0.35\u20ac \/km <\/td><\/tr><tr><td class=\"has-text-align-center\" data-align=\"center\">4<\/td><td class=\"has-text-align-center\" data-align=\"center\">1 h<\/td><td class=\"has-text-align-center\" data-align=\"center\">sur devis<\/td><td class=\"has-text-align-center\" data-align=\"center\">sur devis<\/td><td class=\"has-text-align-center\" data-align=\"center\">0.35\u20ac \/km <\/td><\/tr><\/tbody><\/table><figcaption class=\"wp-element-caption\">Indemnit\u00e9s kilom\u00e9triques : AR au d\u00e9part de Pluneret centre (56400) &#8211; *Hors weekends et jours f\u00e9ri\u00e9s<\/figcaption><\/figure>\n\n\n\n<h4 class=\"wp-block-heading\">Options compl\u00e9mentaires<\/h4>\n\n\n\n<ul class=\"wp-block-list\">\n<li>Entretien liti\u00e8re suppl\u00e9mentaires (&gt;1\/chat) : +3 \u20ac<\/li>\n\n\n\n<li>Suppl\u00e9ment week-end \/ jours f\u00e9ri\u00e9s  : +5 \u20ac \/ jour<\/li>\n\n\n\n<li>Brossage : +3 \u20ac<\/li>\n<\/ul>\n","protected":false},"excerpt":{"rendered":"<p>Parce que la confiance est essentielle, chaque prestation comprend bien plus qu\u2019une simple visite : Le petit plus du Chat Zen : pour une r\u00e9servation \u00e0 la semaine , l&rsquo;arrosage des plantes OU le relev\u00e9 courrier est offert. Tarification \u00e0 la carte Nombre de chats Dur\u00e9e A l&rsquo;unit\u00e9 A la semaine (1 weekend inclus) Indemnit\u00e9s [&hellip;]<\/p>\n","protected":false},"author":2,"featured_media":0,"parent":0,"menu_order":0,"comment_status":"closed","ping_status":"closed","template":"","meta":{"footnotes":""},"class_list":["post-56","page","type-page","status-publish","hentry"],"yoast_head":"<!-- This site is optimized with the Yoast SEO plugin v25.3.1 - https:\/\/yoast.com\/wordpress\/plugins\/seo\/ -->\n<title>Tarifs du Cat-sitting - Le chat zen _Comportementaliste f\u00e9lin<\/title>\n<meta name=\"robots\" content=\"index, follow, max-snippet:-1, max-image-preview:large, max-video-preview:-1\" \/>\n<link rel=\"canonical\" href=\"https:\/\/lechatzen.ovh\/index.php\/tarifs-du-cat-sitting\/\" \/>\n<meta property=\"og:locale\" content=\"fr_FR\" \/>\n<meta property=\"og:type\" content=\"article\" \/>\n<meta property=\"og:title\" content=\"Tarifs du Cat-sitting - Le chat zen _Comportementaliste f\u00e9lin\" \/>\n<meta property=\"og:description\" content=\"Parce que la confiance est essentielle, chaque prestation comprend bien plus qu\u2019une simple visite : Le petit plus du Chat Zen : pour une r\u00e9servation \u00e0 la semaine , l&rsquo;arrosage des plantes OU le relev\u00e9 courrier est offert. Tarification \u00e0 la carte Nombre de chats Dur\u00e9e A l&rsquo;unit\u00e9 A la semaine (1 weekend inclus) Indemnit\u00e9s [&hellip;]\" \/>\n<meta property=\"og:url\" content=\"https:\/\/lechatzen.ovh\/index.php\/tarifs-du-cat-sitting\/\" \/>\n<meta property=\"og:site_name\" content=\"Le chat zen _Comportementaliste f\u00e9lin\" \/>\n<meta property=\"article:publisher\" content=\"https:\/\/www.facebook.com\/profile.php?id=61570451984871\" \/>\n<meta property=\"article:modified_time\" content=\"2025-06-23T10:50:26+00:00\" \/>\n<meta name=\"twitter:card\" content=\"summary_large_image\" \/>\n<meta name=\"twitter:label1\" content=\"Dur\u00e9e de lecture estim\u00e9e\" \/>\n\t<meta name=\"twitter:data1\" content=\"1 minute\" \/>\n<script type=\"application\/ld+json\" class=\"yoast-schema-graph\">{\"@context\":\"https:\/\/schema.org\",\"@graph\":[{\"@type\":\"WebPage\",\"@id\":\"https:\/\/lechatzen.ovh\/index.php\/tarifs-du-cat-sitting\/\",\"url\":\"https:\/\/lechatzen.ovh\/index.php\/tarifs-du-cat-sitting\/\",\"name\":\"Tarifs du Cat-sitting - Le chat zen _Comportementaliste f\u00e9lin\",\"isPartOf\":{\"@id\":\"https:\/\/lechatzen.ovh\/#website\"},\"datePublished\":\"2025-05-26T13:03:32+00:00\",\"dateModified\":\"2025-06-23T10:50:26+00:00\",\"breadcrumb\":{\"@id\":\"https:\/\/lechatzen.ovh\/index.php\/tarifs-du-cat-sitting\/#breadcrumb\"},\"inLanguage\":\"fr-FR\",\"potentialAction\":[{\"@type\":\"ReadAction\",\"target\":[\"https:\/\/lechatzen.ovh\/index.php\/tarifs-du-cat-sitting\/\"]}]},{\"@type\":\"BreadcrumbList\",\"@id\":\"https:\/\/lechatzen.ovh\/index.php\/tarifs-du-cat-sitting\/#breadcrumb\",\"itemListElement\":[{\"@type\":\"ListItem\",\"position\":1,\"name\":\"Accueil\",\"item\":\"https:\/\/lechatzen.ovh\/\"},{\"@type\":\"ListItem\",\"position\":2,\"name\":\"Tarifs du Cat-sitting\"}]},{\"@type\":\"WebSite\",\"@id\":\"https:\/\/lechatzen.ovh\/#website\",\"url\":\"https:\/\/lechatzen.ovh\/\",\"name\":\"Le chat zen _Comportementaliste f\u00e9lin\",\"description\":\"Une comportementaliste \u00e0 votre \u00e9coute\",\"publisher\":{\"@id\":\"https:\/\/lechatzen.ovh\/#organization\"},\"potentialAction\":[{\"@type\":\"SearchAction\",\"target\":{\"@type\":\"EntryPoint\",\"urlTemplate\":\"https:\/\/lechatzen.ovh\/?s={search_term_string}\"},\"query-input\":{\"@type\":\"PropertyValueSpecification\",\"valueRequired\":true,\"valueName\":\"search_term_string\"}}],\"inLanguage\":\"fr-FR\"},{\"@type\":\"Organization\",\"@id\":\"https:\/\/lechatzen.ovh\/#organization\",\"name\":\"Le chat zen _Comportementaliste f\u00e9lin\",\"url\":\"https:\/\/lechatzen.ovh\/\",\"logo\":{\"@type\":\"ImageObject\",\"inLanguage\":\"fr-FR\",\"@id\":\"https:\/\/lechatzen.ovh\/#\/schema\/logo\/image\/\",\"url\":\"https:\/\/lechatzen.ovh\/wp-content\/uploads\/2025\/06\/Logo.png\",\"contentUrl\":\"https:\/\/lechatzen.ovh\/wp-content\/uploads\/2025\/06\/Logo.png\",\"width\":500,\"height\":500,\"caption\":\"Le chat zen _Comportementaliste f\u00e9lin\"},\"image\":{\"@id\":\"https:\/\/lechatzen.ovh\/#\/schema\/logo\/image\/\"},\"sameAs\":[\"https:\/\/www.facebook.com\/profile.php?id=61570451984871\",\"https:\/\/fr.pinterest.com\/eilechatzen\",\"https:\/\/www.instagram.com\/lechat.zen\/?fbclid=IwY2xjawLGD9hleHRuA2FlbQIxMQBicmlkETB2R3B5N3M4WjBYWjZlQWdJAR5P0356IDtR6oaTSNpGg5H0eqBRczWLOCm1ssLn-IF8DTG-fhIHflSd8RC7AQ_aem_AGPPNnxXAfTqsbUJuc_4iQ\"]}]}<\/script>\n<!-- \/ Yoast SEO plugin. -->","yoast_head_json":{"title":"Tarifs du Cat-sitting - Le chat zen _Comportementaliste f\u00e9lin","robots":{"index":"index","follow":"follow","max-snippet":"max-snippet:-1","max-image-preview":"max-image-preview:large","max-video-preview":"max-video-preview:-1"},"canonical":"https:\/\/lechatzen.ovh\/index.php\/tarifs-du-cat-sitting\/","og_locale":"fr_FR","og_type":"article","og_title":"Tarifs du Cat-sitting - Le chat zen _Comportementaliste f\u00e9lin","og_description":"Parce que la confiance est essentielle, chaque prestation comprend bien plus qu\u2019une simple visite : Le petit plus du Chat Zen : pour une r\u00e9servation \u00e0 la semaine , l&rsquo;arrosage des plantes OU le relev\u00e9 courrier est offert. Tarification \u00e0 la carte Nombre de chats Dur\u00e9e A l&rsquo;unit\u00e9 A la semaine (1 weekend inclus) Indemnit\u00e9s [&hellip;]","og_url":"https:\/\/lechatzen.ovh\/index.php\/tarifs-du-cat-sitting\/","og_site_name":"Le chat zen _Comportementaliste f\u00e9lin","article_publisher":"https:\/\/www.facebook.com\/profile.php?id=61570451984871","article_modified_time":"2025-06-23T10:50:26+00:00","twitter_card":"summary_large_image","twitter_misc":{"Dur\u00e9e de lecture estim\u00e9e":"1 minute"},"schema":{"@context":"https:\/\/schema.org","@graph":[{"@type":"WebPage","@id":"https:\/\/lechatzen.ovh\/index.php\/tarifs-du-cat-sitting\/","url":"https:\/\/lechatzen.ovh\/index.php\/tarifs-du-cat-sitting\/","name":"Tarifs du Cat-sitting - Le chat zen _Comportementaliste f\u00e9lin","isPartOf":{"@id":"https:\/\/lechatzen.ovh\/#website"},"datePublished":"2025-05-26T13:03:32+00:00","dateModified":"2025-06-23T10:50:26+00:00","breadcrumb":{"@id":"https:\/\/lechatzen.ovh\/index.php\/tarifs-du-cat-sitting\/#breadcrumb"},"inLanguage":"fr-FR","potentialAction":[{"@type":"ReadAction","target":["https:\/\/lechatzen.ovh\/index.php\/tarifs-du-cat-sitting\/"]}]},{"@type":"BreadcrumbList","@id":"https:\/\/lechatzen.ovh\/index.php\/tarifs-du-cat-sitting\/#breadcrumb","itemListElement":[{"@type":"ListItem","position":1,"name":"Accueil","item":"https:\/\/lechatzen.ovh\/"},{"@type":"ListItem","position":2,"name":"Tarifs du Cat-sitting"}]},{"@type":"WebSite","@id":"https:\/\/lechatzen.ovh\/#website","url":"https:\/\/lechatzen.ovh\/","name":"Le chat zen _Comportementaliste f\u00e9lin","description":"Une comportementaliste \u00e0 votre \u00e9coute","publisher":{"@id":"https:\/\/lechatzen.ovh\/#organization"},"potentialAction":[{"@type":"SearchAction","target":{"@type":"EntryPoint","urlTemplate":"https:\/\/lechatzen.ovh\/?s={search_term_string}"},"query-input":{"@type":"PropertyValueSpecification","valueRequired":true,"valueName":"search_term_string"}}],"inLanguage":"fr-FR"},{"@type":"Organization","@id":"https:\/\/lechatzen.ovh\/#organization","name":"Le chat zen _Comportementaliste f\u00e9lin","url":"https:\/\/lechatzen.ovh\/","logo":{"@type":"ImageObject","inLanguage":"fr-FR","@id":"https:\/\/lechatzen.ovh\/#\/schema\/logo\/image\/","url":"https:\/\/lechatzen.ovh\/wp-content\/uploads\/2025\/06\/Logo.png","contentUrl":"https:\/\/lechatzen.ovh\/wp-content\/uploads\/2025\/06\/Logo.png","width":500,"height":500,"caption":"Le chat zen _Comportementaliste f\u00e9lin"},"image":{"@id":"https:\/\/lechatzen.ovh\/#\/schema\/logo\/image\/"},"sameAs":["https:\/\/www.facebook.com\/profile.php?id=61570451984871","https:\/\/fr.pinterest.com\/eilechatzen","https:\/\/www.instagram.com\/lechat.zen\/?fbclid=IwY2xjawLGD9hleHRuA2FlbQIxMQBicmlkETB2R3B5N3M4WjBYWjZlQWdJAR5P0356IDtR6oaTSNpGg5H0eqBRczWLOCm1ssLn-IF8DTG-fhIHflSd8RC7AQ_aem_AGPPNnxXAfTqsbUJuc_4iQ"]}]}},"_links":{"self":[{"href":"https:\/\/lechatzen.ovh\/index.php\/wp-json\/wp\/v2\/pages\/56","targetHints":{"allow":["GET"]}}],"collection":[{"href":"https:\/\/lechatzen.ovh\/index.php\/wp-json\/wp\/v2\/pages"}],"about":[{"href":"https:\/\/lechatzen.ovh\/index.php\/wp-json\/wp\/v2\/types\/page"}],"author":[{"embeddable":true,"href":"https:\/\/lechatzen.ovh\/index.php\/wp-json\/wp\/v2\/users\/2"}],"replies":[{"embeddable":true,"href":"https:\/\/lechatzen.ovh\/index.php\/wp-json\/wp\/v2\/comments?post=56"}],"version-history":[{"count":2,"href":"https:\/\/lechatzen.ovh\/index.php\/wp-json\/wp\/v2\/pages\/56\/revisions"}],"predecessor-version":[{"id":315,"href":"https:\/\/lechatzen.ovh\/index.php\/wp-json\/wp\/v2\/pages\/56\/revisions\/315"}],"wp:attachment":[{"href":"https:\/\/lechatzen.ovh\/index.php\/wp-json\/wp\/v2\/media?parent=56"}],"curies":[{"name":"wp","href":"https:\/\/api.w.org\/{rel}","templated":true}]}}